 - 7*g = 14. Suppose 3*d - 3*k + 4*k = 53, -d = g*k - 26. Let p = -18 - -30. Calculate the remainder when d is divided by p.
4
Let n = -2222 - -2251. Let l = 10 - 17. Let b(s) = -s**3 - 6*s**2 + 5*s - 8. What is the remainder when n is divided by b(l)?
5
Suppose 70 = -13*n + 15*n. Let m = 44 - n. What is the remainder when 59/((-3)/m + (-4)/(-6)) is divided by 30?
27
Let k(m) = -m**2 - 17*m + 28. Let p be k(-19). Let f be 4*2/(-1)*p/20. Suppose f*u = 6*u - 146. What is the remainder when u is divided by 19?
16
Let c(a) = -57*a**3 + a**2 - 1. Let s be c(1). Let l = 63 + s. Let f(k) = -k**2 + 15*k - 12. What is the remainder when f(l) is divided by 11?
9
What is the remainder when 275 is divided by 1/(1/(-32))*-2 - 4?
35
Let t be (-21)/5*(54 + (-2 - -3)). Let y = 245 + t. What is the remainder when 44 is divided by y?
2
Suppose 6*c - 781 - 575 = 0. Suppose 7*y - 75 = c. Suppose -2*m + y = 5*s, 2*s - 37 = -s - 4*m. Calculate the remainder when 11 is divided by s.
4
Suppose -4 = q - 7. Suppose 0 = -3*f + q*t + 225, -4*f = -6*f - 3*t + 160. Calculate the remainder when f is divided by 154/6 - (-3)/9.
25
Let s be 2/(-3) - 11/((-165)/10). Let u(j) = -j**3 + 2*j**2 + 117. Calculate the remainder when u(s) is divided by 30.
27
Suppose 4*l = 2*v + 8, 1 = v - 5*l + 5. Let x = -1 - v. Suppose x*w = -2*f + 39, 12*f - 7*f - 72 = w. Calculate the remainder when 74 is divided by f.
14
Let a = 9952 - 9867. What is the remainder when 1780 is divided by a?
80
Let r(l) = -4*l**3 - 3*l**2 + 2*l + 3. Suppose 3*v + 33 = x + 7*v, 3*v + 6 = 0. Calculate the remainder when r(-3) is divided by x.
37
Let d be (6 - (-160)/(-28))/(5/140). Suppose d = -4*n, 971 = 84*w - 79*w + 2*n. What is the remainder when w is divided by 23?
11
Let y be (-1897)/(-266)*54 - 4/38. Let o = -359 + y. What is the remainder when 51 is divided by o?
25
Suppose -232*r + 203*r + 21373 = 0. Calculate the remainder when r is divided by 393.
344
Suppose 3*z - a - 41 = 0, 5*z - 2*a = z + 56. Let y(o) = -o**2 + 69*o + 372. Let u be y(-5). Suppose u*h - z = 7. What is the remainder when 38 is divided by h?
8
Let a(i) = 10*i**2 - 267*i + 18. Calculate the remainder when a(28) is divided by 184.
14
Let b(k) = -3*k**2 - 8*k + 29. Let s(p) = -4*p**2 - 9*p + 30. Let u(o) = -3*b(o) + 2*s(o). Calculate the remainder when 16 is divided by u(4).
3
Let c(j) = -j**3 + 20*j**2 + 26*j - 3. What is the remainder when c(13) is divided by 8?
6
Suppose 5*b = 5*q - 130, 2*b = 602*q - 599*q - 79. Calculate the remainder when 2509 is divided by q.
25
Let g be -32*(-77)/10 - (-2)/(-5). Let k = g - 202. What is the remainder when 124 is divided by k?
36
Let o = -1869 - -1882. What is the remainder when 233 is divided by o?
12
Let d(z) = -51*z**3 - z**2 - 3*z - 3. Let a = 62123 + -62055. Calculate the remainder when d(-2) is divided by a.
67
Let q = 2516 - 1868. Calculate the remainder when q is divided by 83.
67
Suppose -7 = 53*z - 1135 - 144. Calculate the remainder when 6/144*4 - 3130/(-12) is divided by z.
21
Suppose -5*r + 12*r + 112 = a, 2*a - 5*r - 188 = 0. What is the remainder when 5792 is divided by a?
80
Let a = -3177 - -3565. Calculate the remainder when a is divided by 30.
28
Let v(b) = -3*b**2 + 2*b - 268. Let y be v(0). Let m = y + 285. What is the remainder when 185 is divided by m?
15
Suppose 2*x + q - 256 = 0, 3*x = 2*q - 170 + 547. What is the remainder when 633 is divided by x?
125
Suppose -o - 4*m = o + 178, -3*m - 258 = 3*o. Let c = 121 + o. Calculate the remainder when c is divided by 22.
16
Let x = 10 - 6. Let o = x + 2. Suppose -5*i = 2*c - 153, -4*i + 54 + 78 = 4*c. What is the remainder when i is divided by o?
5
Suppose -4*g - 2*y - 140 + 160 = 0, -y - 20 = -4*g. What is the remainder when (3 - 1)/(4/38) is divided by g?
4
Let r(p) = p**2 - 7*p - 26. Let g be r(9). Let s(h) = h**2 - 41. What is the remainder when 114 is divided by s(g)?
22
Let d(w) = 2*w**2 + 122*w + 3404. What is the remainder when d(-52) is divided by 190?
188
Let b(l) = 3*l**2 - 11*l. Let p be b(-9). Suppose 5*d - 27 = -p. Calculate the remainder when (-28)/6*324/d is divided by 9.
6
Suppose -321*x + 353*x + 480 = 0. Suppose -5*u - 17 + 62 = 0. Let j = u - x. What is the remainder when j is divided by 15?
9
What is the remainder when (-687)/(-9) + 0 + 1 + (-2)/(-3) is divided by 43?
35
Let m be 1*3 + -12 + 14. Let r(g) = 2 - 36*g**2 + g**3 + 2 + 32*g**2. What is the remainder when r(m) is divided by 11?
7
Let f = -117 - -137. Let r = -9 + f. Calculate the remainder when 32 is divided by r.
10
Let m(a) = -3*a**2 - 5*a - 2. Let r be m(-9). Let z = 218 + r. What is the remainder when 21 is divided by z?
3
Calculate the remainder when (-1868)/(-6) + ((-76)/3 - -26) is divided by 149.
14
Let c = 5 + 2. What is the remainder when (-4)/(-1) - (-16)/1 is divided by -8*((c - 4) + -4)?
4
Calculate the remainder when 514 is divided by -15 - (-55 - 11 - 15).
52
Let z = -277 - -416. Suppose -1 = -7*b + z. What is the remainder when -5 - -224 - -4 - (0 - -4) is divided by b?
19
Suppose 5*l = 3*s - 19, 5*s - 2*l - 9 = -5*l. Suppose 1 = 2*z - s*u - 0, -5*u = 3*z + 27. What is the remainder when 39 is divided by (z/16)/((-4)/176)?
6
Suppose 0 = -20*i - 14*i + 476. Let f = 5 - 9. What is the remainder when 1908/63 + f/14 is divided by i?
2
Suppose 0 = 1316*z - 1317*z + 204. What is the remainder when z is divided by 102?
0
Let u = 71 - 33. Suppose -3*s + 91 = n, -291*s + 296*s - 301 = -3*n. What is the remainder when n is divided by u?
36
Suppose 5*w - 114 = 3*w. Let x = -69 - -106. Suppose -18*f + x*f = 399. What is the remainder when w is divided by f?
15
Suppose 58*i + 39550 = -43*i + 126*i. Calculate the remainder when i is divided by 27.
16
Let f = 458 - 346. Let n = 187 + f. What is the remainder when n is divided by 50?
49
Let g = 521 + -318. Suppose 0 = 3*b - 3*s - 123, 5*b = -0*b + 4*s + g. Let f(j) = 2*j**2 - j - 15. What is the remainder when b is divided by f(-4)?
18
Suppose -4*l + 5*l - 24 = 0. Let q = -559 + 578. What is the remainder when l is divided by q?
5
Let s = -168 - -196. Let b(t) = -2*t**3 - t**2 + 9*t + 2. Calculate the remainder when b(-4) is divided by s.
22
Suppose -o = 5*v + 1, -3*v - 5*o - 3 = 2. Suppose 3*d - 5*x = -2 + 1, v = -x - 1. Calculate the remainder when (d - -44)/(-4 - -6) is divided by 12.
9
Let d = -60 - -193. Suppose 743*p - 1680 = 695*p. What is the remainder when d is divided by p?
28
Let m be (-3)/2*(-5)/((-60)/(-2992)). Let v be (-7 - 65/(-9)) + m/18. Suppose 0*g + v = g. What is the remainder when g is divided by 11?
10
Let g = -1777 - -2543. What is the remainder when g is divided by 61?
34
Suppose 3*v - 7*a + 3*a = 0, 4*a = 0. Suppose -x + 15 = -v. Calculate the remainder when 147 is divided by x.
12
Suppose 3*c - 436 = 5*n, 5*c - 4*n = 8*c - 445. Let l = 200 - c. What is the remainder when l is divided by (26/65)/((-1)/(-35))?
11
Let g(c) = 3*c**2 - 158*c - 1365. Let t be g(-8). Let y be 13/2*6/3. Let u = t - y. What is the remainder when u is divided by 20?
18
Let b(i) = -11*i - 13. Let f = -15 + 4. Suppose -2*x = -4*k - 44, -9*k = -5*x - 8*k + 110. What is the remainder when b(f) is divided by x?
20
Let p be ((-5)/(-5) + 0)*-431. Let m = p + 433. What is the remainder when 31 is divided by m?
1
Suppose -2*f - f + 153 = 0. Calculate the remainder when f is divided by 123/(-1230)*650/(-5).
12
Suppose 657*z + 26110 = 671*z. What is the remainder when z is divided by 29?
9
Suppose 16*n - 110 = -6*n. Suppose 98 = -n*l + 353. Calculate the remainder when 196 is divided by l.
43
Suppose k + 4 = 16 + 28. Let g(t) = t**2 - 6*t - 6. Let f be g(7). What is the remainder when 14*(38/4 - f) is divided by k?
39
Let o(j) = j**2 - 70*j + 972. What is the remainder when 174 is divided by o(17)?
32
Suppose 50*j = 45*j. Suppose x - 2*x + 7 = 0. Suppose j = -x*k + 4*k + 69. What is the remainder when k is divided by 6?
5
Suppose 2*r - r = -3*p + 50, -r + 33 = 2*p. Suppose p = 2*t - 25. Calculate the remainder when 45 is divided by t.
3
Suppose 885 - 265 = 4*w. Calculate the remainder when w is divided by 10/(-3)*-15 - (-18)/6.
49
Let j(w) = -41*w + 20. Let c be j(8). Let a = 461 + c. Suppose -8*s + 175 = -a. What is the remainder when 202 is divided by s?
38
Let n(j) = j**3 - 32*j**2 + 93*j + 558. What is th